en 14656650 is divided by 2900.
50
Calculate the remainder when 25774110 is divided by 3537.
3528
Calculate the remainder when 77193 is divided by 57.
15
Calculate the remainder when 23842 is divided by 11792.
258
What is the remainder when 156801396 is divided by 83?
37
What is the remainder when 1433161 is divided by 1433038?
123
What is the remainder when 94421 is divided by 2938?
405
What is the remainder when 20076 is divided by 2651?
1519
What is the remainder when 76756 is divided by 1674?
1426
Calculate the remainder when 17126004 is divided by 43.
7
Calculate the remainder when 24130086 is divided by 17.
14
What is the remainder when 68825578 is divided by 313?
8
What is the remainder when 26026 is divided by 12430?
1166
Calculate the remainder when 4250043 is divided by 32.
27
What is the remainder when 235504 is divided by 3313?
281
What is the remainder when 6033060 is divided by 17?
15
What is the remainder when 26558542 is divided by 122?
118
Calculate the remainder when 30261 is divided by 5014.
177
Calculate the remainder when 115253 is divided by 4707.
2285
Calculate the remainder when 4462 is divided by 3165.
1297
What is the remainder when 412859 is divided by 103140?
299
What is the remainder when 22309 is divided by 4806?
3085
What is the remainder when 1278935 is divided by 3140?
955
Calculate the remainder when 38381 is divided by 12339.
1364
What is the remainder when 184784 is divided by 1216?
1168
What is the remainder when 1487190 is divided by 810?
30
Calculate the remainder when 10126879 is divided by 421953.
7
What is the remainder when 529241 is divided by 74?
67
What is the remainder when 483697 is divided by 80603?
79
What is the remainder when 130875 is divided by 18251?
3118
Calculate the remainder when 5563575 is divided by 1390889.
19
What is the remainder when 123420 is divided by 4800?
3420
Calculate the remainder when 228472 is divided by 76.
16
What is the remainder when 86456 is divided by 929?
59
Calculate the remainder when 8074849 is divided by 104.
81
Calculate the remainder when 295707 is divided by 44.
27
What is the remainder when 1791427346 is divided by 243?
242
Calculate the remainder when 13708 is divided by 11595.
2113
Calculate the remainder when 32390446 is divided by 16195216.
14
Calculate the remainder when 6244234 is divided by 3194.
3158
Calculate the remainder when 15105 is divided by 293.
162
What is the remainder when 19230447 is divided by 10042?
17
Calculate the remainder when 1701629 is divided by 502.
351
Calculate the remainder when 556108 is divided by 1299.
136
Calculate the remainder when 206949 is divided by 773.
558
What is the remainder when 5522304 is divided by 3967?
240
Calculate the remainder when 60748 is divided by 7527.
532
What is the remainder when 826156 is divided by 82615?
6
What is the remainder when 6551909 is divided by 1416?
77
What is the remainder when 1690726 is divided by 46964?
22
What is the remainder when 1415278 is divided by 2068?
766
Calculate the remainder when 177585 is divided by 7699.
508
Calculate the remainder when 13434 is divided by 1308.
354
Calculate the remainder when 570830 is divided by 142634.
294
What is the remainder when 819351 is divided by 68279?
3
What is the remainder when 12515 is divided by 4453?
3609
What is the remainder when 8327149 is divided by 8327146?
3
Calculate the remainder when 418895 is divided by 104572.
607
Calculate the remainder when 21695883 is divided by 89.
86
What is the remainder when 3198503 is divided by 799610?
63
What is the remainder when 95173 is divided by 22?
1
Calculate the remainder when 2343224 is divided by 143.
26
What is the remainder when 13599 is divided by 683?
622
Calculate the remainder when 5768697 is divided by 262.
243
Calculate the remainder when 300918 is divided by 1206.
624
What is the remainder when 42357569 is divided by 767?
761
What is the remainder when 6794729 is divided by 30?
29
What is the remainder when 4440233 is divided by 360?
353
Calculate the remainder when 72278364 is divided by 10598.
4
Calculate the remainder when 5378478 is divided by 1720.
38
What is the remainder when 41599041 is divided by 37142?
1
Calculate the remainder when 1117834 is divided by 1478.
466
Calculate the remainder when 929944 is divided by 464942.
60
Calculate the remainder when 416367 is divided by 18910.
347
What is the remainder when 112286 is divided by 1580?
106
What is the remainder when 2862402 is divided by 3970?
32
What is the remainder when 28484250 is divided by 3?
0
Calculate the remainder when 207837196 is divided by 2900.
2896
Calculate the remainder when 1209110011 is divided by 111.
109
What is the remainder when 21238 is divided by 15865?
5373
Calculate the remainder when 1654530 is divided by 36757.
465
What is the remainder when 161212 is divided by 161123?
89
What is the remainder when 57583 is divided by 57523?
60
What is the remainder when 1072628 is divided by 1072615?
13
What is the remainder when 311360 is divided by 464?
16
What is the remainder when 16089 is divided by 4914?
1347
What is the remainder when 5634256 is divided by 10?
6
What is the remainder when 29733 is divided by 3482?
1877
What is the remainder when 22687304 is divided by 4537454?
34
What is the remainder when 4855 is divided by 1933?
989
Calculate the remainder when 2906508 is divided by 1453253.
2
Calculate the remainder when 81525 is divided by 2909.
73
What is the remainder when 677486553 is divided by 5004?
5001
What is the remainder when 67333458 is divided by 13?
10
Calculate the remainder when 1671356 is divided by 295.
181
Calculate the remainder when 61324005 is divided by 59.
54
What is the remainder when 752782 is divided by 7324?
5734
Calculate the remainder when 80867925 is divided by 24.
21
Calculate the remainder when 620859 is divided by 8.
3
What is the remainder when 400 is divided by 283?
117
Calculate the remainder when 140811 is divided by 333.
285
What is the remainder when 4305671 is divided by 107?
98
Calculate the remainder when 190644 is divided by 18908.
1564
Calculate the remainder when 9341070 is divided by 208.
206
What is the remainder when 343312 is divided by 12676?
1060
Calculate the remainder when 9474081 is divided by 722.
719
Calculate the remainder when 12018331 is divided by 2309.
2295
What is the remainder when 354998 is divided by 343?
336
What is the remainder when 343570 is divided by 103?
65
Calculate the remainder when 4919945 is divided by 12779.
30
Calculate the remainder when 7289229 is divided by 17865.
309
What is the remainder when 114793 is divided by 3375?
43
Calculate the remainder when 3324477 is divided by 133.
9
Calculate the remainder when 161753 is divided by 51913.
6014
What is the remainder when 359383 is divided by 244?
215
Calculate the remainder when 178431 is divided by 378.
15
Calculate the remainder when 766168 is divided by 191357.
740
What is the remainder when 73783955 is divided by 3978?
11
What is the remainder when 133629 is divided by 3623?
3201
What is the remainder when 26690801 is divided by 40?
1
Calculate the remainder when 61961 is divided by 539.
515
What is the remainder when 1355810 is divided by 447?
59
What is the remainder when 35011966 is divided by 85?
41
What is the remainder when 19827764 is divided by 1697?
16
What is the remainder when 3787716 is divided by 46?
30
What is the remainder when 165438 is divided by 55145?
3
What is the remainder when 70299 is divided by 17480?
379
What is the remainder when 52109 is divided by 3551?
2395
What is the remainder when 10057461 is divided by 1090?
31
Calculate the remainder when 85992267 is divided by 153.
147
What is the remainder when 27862772 is divided by 1332?
1328
What is the remainder when 10542716 is divided by 510?
506
Calculate the remainder when 1008016 is divided by 100758.
436
What is the remainder when 21511 is divided by 21492?
19
Calculate the remainder when 31442948 is divided by 479.
430
What is the remainder when 611396 is divided by 1985?
16
Calculate the remainder when 249311395 is divided by 83103791.
22
Calculate the remainder when 248651 is divided by 123023.
2605
Calculate the remainder when 457013 is divided by 37788.
3557
What is